the prime factors of 21128?
2, 19, 139
What are the prime factors of 2385?
3, 5, 53
What are the prime factors of 67395?
3, 5, 4493
List the prime factors of 711.
3, 79
What are the prime factors of 7161?
3, 7, 11, 31
List the prime factors of 30445.
5, 6089
What are the prime factors of 2940?
2, 3, 5, 7
List the prime factors of 5992.
2, 7, 107
List the prime factors of 14508.
2, 3, 13, 31
List the prime factors of 65590.
2, 5, 7, 937
List the prime factors of 980.
2, 5, 7
What are the prime factors of 95823?
3, 7, 13
What are the prime factors of 1260?
2, 3, 5, 7
What are the prime factors of 2265?
3, 5, 151
What are the prime factors of 28526?
2, 17, 839
List the prime factors of 1499.
1499
What are the prime factors of 51?
3, 17
List the prime factors of 819.
3, 7, 13
List the prime factors of 530.
2, 5, 53
What are the prime factors of 1216?
2, 19
List the prime factors of 968.
2, 11
What are the prime factors of 72935?
5, 29, 503
What are the prime factors of 25625?
5, 41
List the prime factors of 20921.
20921
List the prime factors of 3602.
2, 1801
List the prime factors of 3006.
2, 3, 167
What are the prime factors of 8723?
11, 13, 61
List the prime factors of 1848.
2, 3, 7, 11
List the prime factors of 1295.
5, 7, 37
What are the prime factors of 1066?
2, 13, 41
What are the prime factors of 36127?
7, 13, 397
List the prime factors of 23225.
5, 929
List the prime factors of 7961.
19, 419
What are the prime factors of 12273?
3, 4091
What are the prime factors of 537?
3, 179
What are the prime factors of 11472?
2, 3, 239
What are the prime factors of 4673?
4673
What are the prime factors of 182147?
7, 26021
What are the prime factors of 2946?
2, 3, 491
What are the prime factors of 846?
2, 3, 47
List the prime factors of 67803.
3, 97, 233
List the prime factors of 21836.
2, 53, 103
What are the prime factors of 14573?
13, 19, 59
What are the prime factors of 5335?
5, 11, 97
What are the prime factors of 419?
419
List the prime factors of 8228.
2, 11, 17
What are the prime factors of 6858?
2, 3, 127
List the prime factors of 32730.
2, 3, 5, 1091
List the prime factors of 1734.
2, 3, 17
What are the prime factors of 6811?
7, 139
What are the prime factors of 110674?
2, 55337
What are the prime factors of 683?
683
What are the prime factors of 748?
2, 11, 17
List the prime factors of 603.
3, 67
What are the prime factors of 58098?
2, 3, 23, 421
List the prime factors of 89533.
89533
What are the prime factors of 7682?
2, 23, 167
What are the prime factors of 123865?
5, 7, 3539
List the prime factors of 820.
2, 5, 41
List the prime factors of 1217.
1217
What are the prime factors of 3332?
2, 7, 17
List the prime factors of 6382.
2, 3191
What are the prime factors of 94891?
31, 3061
List the prime factors of 1686.
2, 3, 281
List the prime factors of 792.
2, 3, 11
List the prime factors of 4185.
3, 5, 31
List the prime factors of 8297.
8297
List the prime factors of 803.
11, 73
What are the prime factors of 272?
2, 17
What are the prime factors of 2128?
2, 7, 19
List the prime factors of 15799.
7, 37, 61
What are the prime factors of 69595?
5, 31, 449
What are the prime factors of 157?
157
What are the prime factors of 2494?
2, 29, 43
List the prime factors of 109039.
7, 37, 421
List the prime factors of 65673.
3, 7297
List the prime factors of 4780.
2, 5, 239
What are the prime factors of 3979?
23, 173
What are the prime factors of 1175?
5, 47
List the prime factors of 1736.
2, 7, 31
List the prime factors of 2075.
5, 83
List the prime factors of 17161.
131
List the prime factors of 18688.
2, 73
What are the prime factors of 69778?
2, 139, 251
List the prime factors of 625.
5
List the prime factors of 44937.
3, 4993
List the prime factors of 5833.
19, 307
What are the prime factors of 112777?
7, 16111
List the prime factors of 1515.
3, 5, 101
List the prime factors of 7943.
13, 47
What are the prime factors of 3187?
3187
List the prime factors of 37399.
149, 251
What are the prime factors of 965?
5, 193
List the prime factors of 47159.
7, 6737
List the prime factors of 1438.
2, 719
What are the prime factors of 12551?
7, 11, 163
What are the prime factors of 4335?
3, 5, 17
What are the prime factors of 3015?
3, 5, 67
List the prime factors of 376.
2, 47
What are the prime factors of 24250?
2, 5, 97
List the prime factors of 6435.
3, 5, 11, 13
What are the prime factors of 1578?
2, 3, 263
What are the prime factors of 600?
2, 3, 5
List the prime factors of 287.
7, 41
What are the prime factors of 2251?
2251
List the prime factors of 6653.
6653
List the prime factors of 11966.
2, 31, 193
List the prime factors of 1258.
2, 17, 37
What are the prime factors of 13241?
13241
What are the prime factors of 10290?
2, 3, 5, 7
What are the prime factors of 16125?
3, 5, 43
List the prime factors of 12729.
3, 4243
List the prime factors of 2130.
2, 3, 5, 71
What are the prime factors of 4595?
5, 919
List the prime factors of 22262.
2, 11131
What are the prime factors of 2075?
5, 83
List the prime factors of 2598.
2, 3, 433
List the prime factors of 343.
7
What are the prime factors of 663?
3, 13, 17
List the prime factors of 4056.
2, 3, 13
List the prime factors of 7225.
5, 17
List the prime factors of 46820.
2, 5, 2341
List the prime factors of 3398.
2, 1699
What are the prime factors of 13218?
2, 3, 2203
What are the prime factors of 104?
2, 13
What are the prime factors of 53803?
173, 311
List the prime factors of 31859.
31859
List the prime factors of 1848.
2, 3, 7, 11
List the prime factors of 936.
2, 3, 13
List the prime factors of 4754.
2, 2377
List the prime factors of 42950.
2, 5, 859
List the prime factors of 782.
2, 17, 23
What are the prime factors of 6647?
17, 23
What are the prime factors of 270?
2, 3, 5
What are the prime factors of 11233?
47, 239
What are the prime factors of 2388?
2, 3, 199
What are the prime factors of 167542?
2, 19, 4409
List the prime factors of 1953.
3, 7, 31
What are the prime factors of 5121?
3, 569
List the prime factors of 2415.
3, 5, 7, 23
What are the prime factors of 94869?
3, 83, 127
List the prime factors of 38382.
2, 3, 6397
What are the prime factors of 5302?
2, 11, 241
List the prime factors of 3376.
2, 211
List the prime factors of 7033.
13, 541
List the prime factors of 2348.
2, 587
What are the prime factors of 14217?
3, 7, 677
List the prime factors of 375.
3, 5
What are the prime factors of 35569?
35569
What are the prime factors of 3603?
3, 1201
List the prime factors of 775.
5, 31
What are the prime factors of 15585?
3, 5, 1039
What are the prime factors of 143689?
7, 13, 1579
What are the prime factors of 4511?
13, 347
What are the prime factors of 75313?
7, 29, 53
List the prime factors of 3140.
2, 5, 157
List the prime factors of 1291.
1291
List the prime factors of 2438.
2, 23, 53
List the prime factors of 12202.
2, 6101
List the prime factors of 45.
3, 5
What are the prime factors of 7228?
2, 13, 139
What are the prime factors of 4044?
2, 3, 337
List the prime factors of 1056.
2, 3, 11
What are the prime factors of 360?
2, 3, 5
What are the prime factors of 418?
2, 11, 19
List the prime factors of 34835.
5, 6967
What are the prime factors of 4233?
3, 17, 83
What are the prime factors of 2692?
2, 673
What are the prime factors of 2514?
2, 3, 419
What are the prime factors of 282?
2, 3, 47
What are the prime factors of 8018?
2, 19, 211
List the prime factors of 180543.
3, 11, 5471
List the prime factors of 26350.
2, 5, 17, 31
List the prime factors of 9250.
2, 5, 37
What are the prime factors of 69837?
3, 23279
List the prime factors of 14199.
3, 4733
What are the prime factors of 13562?
2, 6781
List the prime factors of 1513.
17, 89
What are the prime factors of 986?
2, 17, 29
What are the prime factors of 213?
3, 71
List the prime factors of 890.
2, 5, 89
List the prime factors of 477.
3, 53
What are the prime factors of 1604?
2, 401
What are the prime factors of 67180?
2, 5, 3359
List the prime factors of 14562.
2, 3, 809
What are the prime factors of 152?
2, 19
List the prime factors of 19145.
5, 7, 547
List the prime factors of 772.
2, 193
List the prime factors of 426.
2, 3, 71
What are the prime factors of 26113?
26113
List the prime factors of 7595.
5, 7, 31
What are the prime facto